{"id":3912,"date":"2026-09-02T08:04:18","date_gmt":"2026-09-02T06:04:18","guid":{"rendered":"https:\/\/plastx.si\/?page_id=3912"},"modified":"2026-09-02T08:06:13","modified_gmt":"2026-09-02T06:06:13","slug":"mednarodni-sejem-iffa-2025","status":"publish","type":"page","link":"https:\/\/plastx.si\/en\/mednarodni-sejem-iffa-2025\/","title":{"rendered":"Mednarodni sejem IFFA 2025"},"content":{"rendered":"<div class=\"vc_row wpb_row vc_row-fluid bg-image-ps-inherit\"><div class=\"wpb_column vc_column_container vc_col-sm-12 bg-image-cl-ps-inherit\"><div class=\"vc_column-inner\"><div class=\"wpb_wrapper\"><div class=\"wpb_gallery wpb_content_element vc_clearfix\" ><div class=\"wpb_wrapper\"><div class=\"wpb_gallery_slides wpb_image_grid\" data-interval=\"3\"><ul class=\"wpb_image_grid_ul\"><li class=\"isotope-item\"><img loading=\"lazy\" decoding=\"async\" class=\"\" src=\"https:\/\/plastx.si\/wp-content\/uploads\/2026\/09\/eu-logo-erasmus-1-300x300.png\" width=\"300\" height=\"300\" alt=\"eu-logo-erasmus-1\" title=\"eu-logo-erasmus-1\" \/><\/li><li class=\"isotope-item\"><img loading=\"lazy\" decoding=\"async\" class=\"\" src=\"https:\/\/plastx.si\/wp-content\/uploads\/2026\/09\/IFEEL_1-300x300.webp\" width=\"300\" height=\"300\" alt=\"IFEEL_1\" title=\"IFEEL_1\" \/><\/li><\/ul><\/div><\/div><\/div><\/div><\/div><\/div><\/div><div class=\"vc_row wpb_row vc_row-fluid bg-image-ps-inherit\"><div class=\"wpb_column vc_column_container vc_col-sm-12 bg-image-cl-ps-inherit\"><div class=\"vc_column-inner\"><div class=\"wpb_wrapper\">\n\t<div class=\"wpb_text_column wpb_content_element\" >\n\t\t<div class=\"wpb_wrapper\">\n\t\t\t<p><strong><span lang=\"SL\">Aktivnosti za izvedbo individualnega nastopa na mednarodnem sejmu IFFA 2025 \u2013 od 3.5. do 8.5.2025<\/span><\/strong><\/p>\n<p><strong><span lang=\"SL\">Mednarodni sejem IFFA 2025 \u2013 Frankfurt, Nem\u010dija<\/span><\/strong><\/p>\n<p><span lang=\"SL\">Company <strong>PLASTX, predelava plasti\u010dnih mas, d.o.o.<\/strong> se je med 3. in 8. majem 2025 kot samostojni razstavljavec udele\u017eilo mednarodnega sejma <strong>IFFA 2025 \u2013 Technology for Meat and Alternative Proteins<\/strong> v Frankfurtu na Majni v Nem\u010diji.<\/span><\/p>\n<p><span lang=\"SL\">Na sejmu je podjetje mednarodni strokovni javnosti predstavilo lastne izdelke za uporabo v mesnopredelovalni industriji. Sejemski nastop je bil namenjen predstavitvi izdelkov in lastne registrirane blagovne znamke Plastx, krepitvi prepoznavnosti podjetja na tujih trgih, utrjevanju sodelovanja z obstoje\u010dimi poslovnimi partnerji ter pridobivanju novih poslovnih kontaktov in kupcev.<\/span><\/p>\n<p><span lang=\"SL\">Operacija je prispevala k ve\u010dji mednarodni prepoznavnosti in konkuren\u010dnosti podjetja ter k nadaljnjemu razvoju prodaje na trgih Evropske unije in zunaj nje.<\/span><\/p>\n<p><strong><span lang=\"SL\">Sofinancira Evropska Unija.<\/span><\/strong><\/p>\n<p><strong><span lang=\"SL\">Operacija je bila za sofinanciranje izbrana na Javnem razpisu za sofinanciranje individualnih nastopov podjetij na mednarodnih sejmih v letih 2024\u20132028.<\/span><\/strong><\/p>\n<p><span lang=\"SL\"><a href=\"https:\/\/evropskasredstva.si\/\" target=\"_new\">Ve\u010d informacij o evropskih sredstvih<\/a> \u2013 povezava na <a href=\"https:\/\/evropskasredstva.si\/\">https:\/\/evropskasredstva.si\/<\/a><\/span><\/p>\n\n\t\t<\/div>\n\t<\/div>\n<\/div><\/div><\/div><\/div>","protected":false},"excerpt":{"rendered":"Aktivnosti za izvedbo individualnega nastopa na mednarodnem sejmu IFFA 2025 \u2013 od 3.5. do 8.5.2025 Mednarodni sejem IFFA 2025 \u2013 Frankfurt, Nem\u010dija Podjetje PLASTX, predelava plasti\u010dnih mas, d.o.o. se je med 3. in 8. majem 2025 kot samostojni razstavljavec udele\u017eilo mednarodnega sejma IFFA 2025 \u2013 Technology for Meat and Alternative Proteins v Frankfurtu na Majni [...]","protected":false},"author":1,"featured_media":0,"parent":0,"menu_order":0,"comment_status":"closed","ping_status":"closed","template":"","meta":{"footnotes":""},"class_list":["post-3912","page","type-page","status-publish","hentry"],"yoast_head":"<!-- This site is optimized with the Yoast SEO plugin v25.9 - https:\/\/yoast.com\/wordpress\/plugins\/seo\/ -->\n<title>Mednarodni sejem IFFA 2025 - Plastx d.o.o.<\/title>\n<meta name=\"robots\" content=\"index, follow, max-snippet:-1, max-image-preview:large, max-video-preview:-1\" \/>\n<link rel=\"canonical\" href=\"https:\/\/plastx.si\/en\/mednarodni-sejem-iffa-2025\/\" \/>\n<meta property=\"og:locale\" content=\"en_US\" \/>\n<meta property=\"og:type\" content=\"article\" \/>\n<meta property=\"og:title\" content=\"Mednarodni sejem IFFA 2025 - Plastx d.o.o.\" \/>\n<meta property=\"og:url\" content=\"https:\/\/plastx.si\/en\/mednarodni-sejem-iffa-2025\/\" \/>\n<meta property=\"og:site_name\" content=\"Plastx d.o.o.\" \/>\n<meta property=\"article:modified_time\" content=\"2026-09-02T06:06:13+00:00\" \/>\n<meta property=\"og:image\" content=\"https:\/\/plastx.si\/wp-content\/uploads\/2021\/04\/logo-dark.png\" \/>\n\t<meta property=\"og:image:width\" content=\"192\" \/>\n\t<meta property=\"og:image:height\" content=\"73\" \/>\n\t<meta property=\"og:image:type\" content=\"image\/png\" \/>\n<meta name=\"twitter:card\" content=\"summary_large_image\" \/>\n<meta name=\"twitter:label1\" content=\"Est. reading time\" \/>\n\t<meta name=\"twitter:data1\" content=\"2 minutes\" \/>\n<script type=\"application\/ld+json\" class=\"yoast-schema-graph\">{\"@context\":\"https:\/\/schema.org\",\"@graph\":[{\"@type\":\"WebPage\",\"@id\":\"https:\/\/plastx.si\/mednarodni-sejem-iffa-2025\/\",\"url\":\"https:\/\/plastx.si\/mednarodni-sejem-iffa-2025\/\",\"name\":\"Mednarodni sejem IFFA 2025 - Plastx d.o.o.\",\"isPartOf\":{\"@id\":\"https:\/\/plastx.si\/#website\"},\"datePublished\":\"2026-09-02T06:04:18+00:00\",\"dateModified\":\"2026-09-02T06:06:13+00:00\",\"breadcrumb\":{\"@id\":\"https:\/\/plastx.si\/mednarodni-sejem-iffa-2025\/#breadcrumb\"},\"inLanguage\":\"en-US\",\"potentialAction\":[{\"@type\":\"ReadAction\",\"target\":[\"https:\/\/plastx.si\/mednarodni-sejem-iffa-2025\/\"]}]},{\"@type\":\"BreadcrumbList\",\"@id\":\"https:\/\/plastx.si\/mednarodni-sejem-iffa-2025\/#breadcrumb\",\"itemListElement\":[{\"@type\":\"ListItem\",\"position\":1,\"name\":\"Home\",\"item\":\"https:\/\/plastx.si\/\"},{\"@type\":\"ListItem\",\"position\":2,\"name\":\"Mednarodni sejem IFFA 2025\"}]},{\"@type\":\"WebSite\",\"@id\":\"https:\/\/plastx.si\/#website\",\"url\":\"https:\/\/plastx.si\/\",\"name\":\"Plastx d.o.o.\",\"description\":\"Plastics Processing Company\",\"publisher\":{\"@id\":\"https:\/\/plastx.si\/#organization\"},\"potentialAction\":[{\"@type\":\"SearchAction\",\"target\":{\"@type\":\"EntryPoint\",\"urlTemplate\":\"https:\/\/plastx.si\/?s={search_term_string}\"},\"query-input\":{\"@type\":\"PropertyValueSpecification\",\"valueRequired\":true,\"valueName\":\"search_term_string\"}}],\"inLanguage\":\"en-US\"},{\"@type\":\"Organization\",\"@id\":\"https:\/\/plastx.si\/#organization\",\"name\":\"Plastx d.o.o.\",\"url\":\"https:\/\/plastx.si\/\",\"logo\":{\"@type\":\"ImageObject\",\"inLanguage\":\"en-US\",\"@id\":\"https:\/\/plastx.si\/#\/schema\/logo\/image\/\",\"url\":\"https:\/\/plastx.si\/wp-content\/uploads\/2021\/04\/logo-dark.png\",\"contentUrl\":\"https:\/\/plastx.si\/wp-content\/uploads\/2021\/04\/logo-dark.png\",\"width\":192,\"height\":73,\"caption\":\"Plastx d.o.o.\"},\"image\":{\"@id\":\"https:\/\/plastx.si\/#\/schema\/logo\/image\/\"},\"sameAs\":[\"https:\/\/www.linkedin.com\/company\/102749166\"]}]}<\/script>\n<!-- \/ Yoast SEO plugin. -->","yoast_head_json":{"title":"Mednarodni sejem IFFA 2025 - Plastx d.o.o.","robots":{"index":"index","follow":"follow","max-snippet":"max-snippet:-1","max-image-preview":"max-image-preview:large","max-video-preview":"max-video-preview:-1"},"canonical":"https:\/\/plastx.si\/en\/mednarodni-sejem-iffa-2025\/","og_locale":"en_US","og_type":"article","og_title":"Mednarodni sejem IFFA 2025 - Plastx d.o.o.","og_url":"https:\/\/plastx.si\/en\/mednarodni-sejem-iffa-2025\/","og_site_name":"Plastx d.o.o.","article_modified_time":"2026-09-02T06:06:13+00:00","og_image":[{"width":192,"height":73,"url":"https:\/\/plastx.si\/wp-content\/uploads\/2021\/04\/logo-dark.png","type":"image\/png"}],"twitter_card":"summary_large_image","twitter_misc":{"Est. reading time":"2 minutes"},"schema":{"@context":"https:\/\/schema.org","@graph":[{"@type":"WebPage","@id":"https:\/\/plastx.si\/mednarodni-sejem-iffa-2025\/","url":"https:\/\/plastx.si\/mednarodni-sejem-iffa-2025\/","name":"Mednarodni sejem IFFA 2025 - Plastx d.o.o.","isPartOf":{"@id":"https:\/\/plastx.si\/#website"},"datePublished":"2026-09-02T06:04:18+00:00","dateModified":"2026-09-02T06:06:13+00:00","breadcrumb":{"@id":"https:\/\/plastx.si\/mednarodni-sejem-iffa-2025\/#breadcrumb"},"inLanguage":"en-US","potentialAction":[{"@type":"ReadAction","target":["https:\/\/plastx.si\/mednarodni-sejem-iffa-2025\/"]}]},{"@type":"BreadcrumbList","@id":"https:\/\/plastx.si\/mednarodni-sejem-iffa-2025\/#breadcrumb","itemListElement":[{"@type":"ListItem","position":1,"name":"Home","item":"https:\/\/plastx.si\/"},{"@type":"ListItem","position":2,"name":"Mednarodni sejem IFFA 2025"}]},{"@type":"WebSite","@id":"https:\/\/plastx.si\/#website","url":"https:\/\/plastx.si\/","name":"Plastx d.o.o.","description":"Plastics Processing Company","publisher":{"@id":"https:\/\/plastx.si\/#organization"},"potentialAction":[{"@type":"SearchAction","target":{"@type":"EntryPoint","urlTemplate":"https:\/\/plastx.si\/?s={search_term_string}"},"query-input":{"@type":"PropertyValueSpecification","valueRequired":true,"valueName":"search_term_string"}}],"inLanguage":"en-US"},{"@type":"Organization","@id":"https:\/\/plastx.si\/#organization","name":"Plastx d.o.o.","url":"https:\/\/plastx.si\/","logo":{"@type":"ImageObject","inLanguage":"en-US","@id":"https:\/\/plastx.si\/#\/schema\/logo\/image\/","url":"https:\/\/plastx.si\/wp-content\/uploads\/2021\/04\/logo-dark.png","contentUrl":"https:\/\/plastx.si\/wp-content\/uploads\/2021\/04\/logo-dark.png","width":192,"height":73,"caption":"Plastx d.o.o."},"image":{"@id":"https:\/\/plastx.si\/#\/schema\/logo\/image\/"},"sameAs":["https:\/\/www.linkedin.com\/company\/102749166"]}]}},"_links":{"self":[{"href":"https:\/\/plastx.si\/en\/wp-json\/wp\/v2\/pages\/3912","targetHints":{"allow":["GET"]}}],"collection":[{"href":"https:\/\/plastx.si\/en\/wp-json\/wp\/v2\/pages"}],"about":[{"href":"https:\/\/plastx.si\/en\/wp-json\/wp\/v2\/types\/page"}],"author":[{"embeddable":true,"href":"https:\/\/plastx.si\/en\/wp-json\/wp\/v2\/users\/1"}],"replies":[{"embeddable":true,"href":"https:\/\/plastx.si\/en\/wp-json\/wp\/v2\/comments?post=3912"}],"version-history":[{"count":4,"href":"https:\/\/plastx.si\/en\/wp-json\/wp\/v2\/pages\/3912\/revisions"}],"predecessor-version":[{"id":3918,"href":"https:\/\/plastx.si\/en\/wp-json\/wp\/v2\/pages\/3912\/revisions\/3918"}],"wp:attachment":[{"href":"https:\/\/plastx.si\/en\/wp-json\/wp\/v2\/media?parent=3912"}],"curies":[{"name":"wp","href":"https:\/\/api.w.org\/{rel}","templated":true}]}}

<div class="vc_row wpb_row vc_row-fluid bg-image-ps-inherit"><div class="wpb_column vc_column_container vc_col-sm-12 bg-image-cl-ps-inherit"><div class="vc_column-inner"><div class="wpb_wrapper"><div class="wpb_gallery wpb_content_element vc_clearfix" ><div class="wpb_wrapper"><div class="wpb_gallery_slides wpb_image_grid" data-interval="3"><ul class="wpb_image_grid_ul"><li class="isotope-item"><img loading="lazy" decoding="async" class="" src="https://plastx.si/wp-content/uploads/2026/09/eu-logo-erasmus-1-300x300.png" width="300" height="300" alt="eu-logo-erasmus-1" title="eu-logo-erasmus-1" /></li><li class="isotope-item"><img loading="lazy" decoding="async" class="" src="https://plastx.si/wp-content/uploads/2026/09/IFEEL_1-300x300.webp" width="300" height="300" alt="IFEEL_1" title="IFEEL_1" /></li></ul></div></div></div></div></div></div></div><div class="vc_row wpb_row vc_row-fluid bg-image-ps-inherit"><div class="wpb_column vc_column_container vc_col-sm-12 bg-image-cl-ps-inherit"><div class="vc_column-inner"><div class="wpb_wrapper">
	<div class="wpb_text_column wpb_content_element" >
		<div class="wpb_wrapper">
			<p><strong><span lang="SL">Aktivnosti za izvedbo individualnega nastopa na mednarodnem sejmu IFFA 2025 – od 3.5. do 8.5.2025</span></strong></p>
<p><strong><span lang="SL">Mednarodni sejem IFFA 2025 – Frankfurt, Nemčija</span></strong></p>
<p><span lang="SL">Company <strong>PLASTX, predelava plastičnih mas, d.o.o.</strong> se je med 3. in 8. majem 2025 kot samostojni razstavljavec udeležilo mednarodnega sejma <strong>IFFA 2025 – Technology for Meat and Alternative Proteins</strong> v Frankfurtu na Majni v Nemčiji.</span></p>
<p><span lang="SL">Na sejmu je podjetje mednarodni strokovni javnosti predstavilo lastne izdelke za uporabo v mesnopredelovalni industriji. Sejemski nastop je bil namenjen predstavitvi izdelkov in lastne registrirane blagovne znamke Plastx, krepitvi prepoznavnosti podjetja na tujih trgih, utrjevanju sodelovanja z obstoječimi poslovnimi partnerji ter pridobivanju novih poslovnih kontaktov in kupcev.</span></p>
<p><span lang="SL">Operacija je prispevala k večji mednarodni prepoznavnosti in konkurenčnosti podjetja ter k nadaljnjemu razvoju prodaje na trgih Evropske unije in zunaj nje.</span></p>
<p><strong><span lang="SL">Sofinancira Evropska Unija.</span></strong></p>
<p><strong><span lang="SL">Operacija je bila za sofinanciranje izbrana na Javnem razpisu za sofinanciranje individualnih nastopov podjetij na mednarodnih sejmih v letih 2024–2028.</span></strong></p>
<p><span lang="SL"><a href="https://evropskasredstva.si/" target="_new">Več informacij o evropskih sredstvih</a> – povezava na <a href="https://evropskasredstva.si/">https://evropskasredstva.si/</a></span></p>

		</div>
	</div>
</div></div></div></div>

Aktivnosti za izvedbo individualnega nastopa na mednarodnem sejmu IFFA 2025 – od 3.5. do 8.5.2025 Mednarodni sejem IFFA 2025 – Frankfurt, Nemčija Podjetje PLASTX, predelava plastičnih mas, d.o.o. se je med 3. in 8. majem 2025 kot samostojni razstavljavec udeležilo mednarodnega sejma IFFA 2025 – Technology for Meat and Alternative Proteins v Frankfurtu na Majni [...]
